test common factor of m and t?
21
Suppose 7*p = 4*p + 90. What is the highest common factor of p and 10?
10
Let o(r) = -r**2 - 6*r. Let z be o(-5). Let s(h) = -h + 7. Let k be s(z). Let w be 1 + (54/k - 0). What is the highest common divisor of 70 and w?
14
Suppose 5*r - 1 = 3*l + r, -5*r + 6 = l. Let w be (-3)/l + (-30)/(-3). Calculate the highest common divisor of w and 77.
7
Suppose 18*d - 23*d = -45. What is the greatest common factor of 54 and d?
9
Let b = -109 + 184. Suppose 4*z = 5*s - 28, 2*s + 22 = 4*s + 2*z. Suppose 0 = -13*p + s*p + 150. Calculate the highest common divisor of p and b.
15
Let v = 3 + 3. Let d be (-1)/(3 + 652/(-216)). What is the highest common factor of d and v?
6
Suppose -a + 5*a = 12. Suppose -a*p = p - 112. Let n be p/1*(-2)/(-1). What is the highest common divisor of n and 7?
7
Let d be 3/((-45)/6)*-5. Let t = -15 + 29. What is the greatest common factor of t and d?
2
Suppose -2*f + 2*y = -119 - 45, -86 = -f - y. What is the greatest common divisor of f and 24?
12
Let y be -6*(-12 - (-1 - -1)). What is the highest common divisor of 8 and y?
8
Suppose 50*c = 48*c + 70. What is the highest common factor of 5 and c?
5
Let i = 63 + -35. Let y(o) = o**2 + 5*o + 1. Let w be y(-4). Let n = 7 + w. Calculate the highest common divisor of n and i.
4
Suppose 0 = 3*y - x - 71, 5*y = 6*y - 5*x - 33. What is the highest common factor of 184 and y?
23
Let w = -2 + 8. What is the greatest common divisor of w and 54?
6
Suppose -11*b = -8*b - 6. Suppose 0 = b*l - r - 20, 2*l + r + 3*r = 40. Calculate the greatest common divisor of 96 and l.
12
Let d(x) = -x**3 + 5*x**2 + 6*x + 6. Let b be d(6). What is the greatest common divisor of 30 and b?
6
Let i = -3 - -7. What is the highest common factor of i and 6?
2
Let a be ((-882)/84)/((-2)/(-8) + -1). Calculate the highest common factor of a and 98.
14
Let b = 49 + 50. Let m = -14 + 25. Calculate the greatest common divisor of m and b.
11
Suppose 402 = 5*s - 93. Suppose 2*j - 4*j + 28 = 0. Let n = 23 - j. Calculate the greatest common divisor of s and n.
9
Let w = 11 + -11. Suppose -3*v - 1 + 7 = w. Calculate the highest common factor of v and 16.
2
Let w(x) = 21*x**3 - 3*x + 20. Let n(r) = 7*r**3 - r + 7. Let t(f) = -17*n(f) + 6*w(f). Let h be t(1). What is the highest common divisor of 63 and h?
7
Let s = 1697 - 1153. Let w be s/10 - (-4)/(-10). Suppose l - 6*l + 45 = 0. Calculate the greatest common divisor of l and w.
9
Let z = 1 + 19. Suppose 0*r = 4*r - z. What is the greatest common factor of r and 35?
5
Suppose 2*m = -3*m + 4*k - 845, 5*k = -2*m - 305. Let f be m*((-16)/(-10) + -2). What is the highest common factor of f and 6?
6
Let u = 61 - 39. What is the highest common factor of 33 and u?
11
Suppose 4*f = 2*w + 38, w + 35 = 4*f - 4*w. Let l be 221/2 - 7/14. What is the highest common divisor of l and f?
10
Suppose 8*h + 63 = 10*h + 3*x, 4*x - 161 = -5*h. Suppose -3*m + 22 = -m. What is the highest common divisor of m and h?
11
Let u be 21/2 + 3/6. Calculate the highest common divisor of u and 55.
11
Let w be (7/4)/((-12)/(-48)). What is the greatest common factor of 7 and w?
7
Suppose 0 = -8*o + 8 + 8. Calculate the greatest common divisor of o and 2.
2
Let n(p) = 2*p**2 + 6*p + 2. Let x be n(-4). Suppose -4*h + 5*g + 140 = 0, -h + 42 = -g - 2*g. What is the highest common factor of h and x?
10
Let b be ((-4)/(-3))/(2/108). What is the highest common divisor of 9 and b?
9
Let r(h) = -7*h**2 + 10*h - 3. Let g(m) = 8*m**2 - 11*m + 3. Let a(w) = -6*g(w) - 7*r(w). Let d be a(5). Calculate the highest common factor of d and 32.
8
Let o(i) = -i + 1. Let r be o(-6). Let b(f) = -4 + 5 + f - 4. Let p be b(r). Calculate the greatest common factor of p and 1.
1
Suppose 3*g + 56 = -g. Let w be (-886)/g - (-2)/(-7). What is the highest common factor of 21 and w?
21
Suppose -6*q = -18*q + 24. What is the highest common factor of 22 and q?
2
Let g(c) = -c**2 - 9 + 12 - 3*c - 7*c. Let n be g(-10). Calculate the greatest common factor of 1 and n.
1
Let z be 2 + (-2 - 0) - -209. What is the greatest common divisor of 19 and z?
19
Suppose -3*z + 4*v - 8 = 0, 3*v + 2*v + 9 = -z. Let d be (2/1)/(4/10). Let i = z + d. What is the greatest common factor of i and 7?
1
Suppose 2*p - 2 = -0. Let s = 1 - p. Suppose s*k + k = 6. What is the greatest common divisor of k and 9?
3
Let p(i) = 36*i - 4. Let s be (-5)/(10/(-4)) - -1. Let b be p(s). What is the highest common divisor of b and 13?
13
Let f = 7 + -6. Let z be (f/(-3))/(4/(-72)). Calculate the greatest common factor of 12 and z.
6
Suppose -4*u + 0*u = -408. Let y = 214 - u. Calculate the highest common divisor of 16 and y.
16
Suppose -10*o - 10 = -11*o. Let g be (-11)/((6/20)/(-3)). What is the greatest common factor of o and g?
10
Suppose 3*b + 3*b - 162 = 0. What is the greatest common factor of b and 18?
9
Let v be -22 + -1 + 1 + 2. Let r = 58 + v. Let u = 70 - r. Calculate the highest common divisor of 8 and u.
8
Suppose -2*k + k + 12 = 0. Let b = -23 + 8. Let s be -1*3 - 5*b. What is the highest common factor of s and k?
12
Suppose 0 = x + 6*x - 98. What is the greatest common divisor of x and 112?
14
Suppose 0 = -y + 5*y - 4, -4*y = 5*h - 64. Let u be (54 + 1)/(4/h). Calculate the highest common divisor of u and 15.
15
Suppose 0 = -5*d - 5*j + 79 + 171, 3*j = 3*d - 156. Let z = 31 + -14. What is the highest common factor of z and d?
17
Let w(z) = 5*z - 1 - z**2 - 5 + 4*z. Suppose -25 - 10 = -5*q. Let r be w(q). Calculate the highest common divisor of 64 and r.
8
Let a = 180 + -103. Calculate the highest common factor of 7 and a.
7
Let o(w) = w + 55. Let x be o(0). What is the highest common factor of x and 5?
5
Let n be ((-24)/18)/((-1)/3). What is the greatest common factor of n and 32?
4
Let r = -21 + 45. Let o(v) = -v**2 + 8*v - 3. Let l be o(5). Calculate the greatest common divisor of l and r.
12
Let p be 2 + -1 - 3 - -51. Suppose -7*a = -3*a + k + p, -62 = 5*a + 2*k. Let v = a - -21. Calculate the greatest common factor of 81 and v.
9
Let d = -29 + 54. Suppose -6*l = -7 - 23. Calculate the highest common factor of d and l.
5
Suppose -42 = -8*c + 70. What is the greatest common factor of 126 and c?
14
Suppose 0 = -2*q - 5*j + 133 + 27, 3*q + j - 214 = 0. Calculate the highest common factor of 28 and q.
14
Let l = -76 - -131. What is the greatest common factor of l and 11?
11
Let y be ((-12)/10)/((-23)/690). Calculate the greatest common divisor of 45 and y.
9
Let h(y) = 57*y - 1. Let t be h(3). Let u = t - 94. What is the greatest common divisor of u and 19?
19
Let q(v) = v**2 - 3*v. Let p be (3 - 4)/((-3)/(-21)). Let k be q(p). What is the highest common factor of 10 and k?
10
Suppose 8 = 4*s - 112. Suppose -5*w + 10 + s = 0. What is the highest common divisor of 16 and w?
8
Let r be (15/(-6))/(2/(-92)). Suppose -4*x + 19 = h, -4 = 4*h - 2*x - 2*x. Suppose h*s - r - 53 = 0. Calculate the highest common divisor of s and 8.
8
Let f be 9/(-12) + (-59)/(-4). Calculate the highest common divisor of f and 14.
14
Let c = 90 + -60. Suppose -g - c = -3*g. Suppose w = 9 - 3. Calculate the greatest common divisor of g and w.
3
Let q(g) = 8*g - 7*g + 4 + 3. Let f be q(-3). Let x = 3 - -7. What is the highest common divisor of f and x?
2
Let o(h) = -h + 5. Let p be o(3). Let y be 5/p - (-4)/(-8). What is the greatest common factor of 4 and y?
2
Let k(z) = -z**2 - 21*z + 3. Let o be k(-20). Calculate the greatest common factor of 69 and o.
23
Suppose -3*z + 3*o + 71 + 7 = 0, o + 101 = 4*z. Suppose 0*h + 75 = -5*h. Let y = z + h. Calculate the highest common divisor of y and 5.
5
Let i be 4/10 + 153/(-45). Let a = 12 + i. Let z(q) = q**2 + 4*q + 3. Let n be z(-4). What is the highest common factor of a and n?
3
Suppose -2*h + 138 = -3*v, -2*h - 2*v = -0*v - 118. Calculate the greatest common factor of h and 7.
7
Suppose 514 = 6*v - 284. What is the highest common factor of 19 and v?
19
Suppose 12*i - 518 = 130. Let z(b) = 5*b**3 + b**2 + 3*b + 3. Let k be z(3). Suppose -3*q + k = 48. Calculate the greatest common divisor of i and q.
18
Let m(b) = -b + 8. Let t be m(8). Let y be (39 - 3/(-1)) + t. Suppose x - y - 13 = 0. Calculate the highest common divisor of x and 5.
5
Let d(y) = y**3 + 16*y**2 + 15*y + 9. Let r be d(-15). Let c be (11 - r